-2*c**3 + 3*c**2 + c - 12. Let a(m) = -m**3 + 2*m**2 + 1. Let w(g) = a(g) - d(g). Give w(0).
13
Let r(s) = -s**2 + s - s**2 + 1 + 10*s - s**3. Let w(t) = -3*t**3 - 5*t**2 + 32*t + 3. Let z(i) = -17*r(i) + 6*w(i). Let x = -10 + 15. Calculate z(x).
1
Suppose -26 = 23*g + 158. Let n(k) = k**2 + 8*k + 3. Determine n(g).
3
Let w(u) = -u**2 - 1. Let o(r) = 4*r**2 + 4*r - 2. Let y(t) = o(t) + 3*w(t). Let m = -23 + 26. Let h be (8/m)/(22/(-6) + 3). Calculate y(h).
-5
Let z(h) = 16 + 364*h - 365*h + 0. Calculate z(14).
2
Suppose -3*j - 2*j = -20, -2*j = 5*z - 18. Suppose 0 = 4*w + z*w. Let l(t) = t - 6. Calculate l(w).
-6
Let b(y) = -12*y - 7. Suppose -37*g + 32*g - 19 = -h, -27 = -3*h + 5*g. Determine b(h).
-55
Let m(k) be the third derivative of 1/30*k**5 + 39*k**2 - 1/24*k**4 - 1/6*k**3 + 0*k + 0 + 1/120*k**6. Determine m(-3).
-7
Let o(h) = 4978*h - 4 - 4989*h + h**2 + 13. Calculate o(4).
-19
Let j be 8 + 2 + -2 + -3. Suppose -3*f = -j*f + 6. Suppose f*n = -n - 16. Let i(s) = 2*s + 2. Determine i(n).
-6
Let r(n) = 1 + 2*n**2 - 23*n + 2*n**3 + 41*n - 19*n. Determine r(2).
23
Let p(k) = -8*k + 3. Let h(j) = j**3 - 31*j**2 - 64*j - 64. Let v be h(33). What is p(v)?
-13
Let m be (0 + 20)/((112/72)/(-7)). Let t be m/40 - (-1)/4. Let l(i) = -3*i**2. What is l(t)?
-12
Let g(a) be the first derivative of 4 - 1/2*a**2 - 4*a. Suppose -3*t + 8 = -t. Calculate g(t).
-8
Let p(o) be the second derivative of o**7/840 + o**6/60 - o**5/120 - o**4/3 - 5*o**3/3 + 3*o. Let z(d) be the second derivative of p(d). Calculate z(-6).
-2
Let w(g) = g**3 + 7*g**2 + 7*g + 3. Let z(j) = -3*j - 4. Let u be z(-3). Suppose u*r + 0*r = -4*p - 30, -r = 4*p + 6. Determine w(r).
-3
Suppose 2*j = 10, -2*v + 2 = -2*j + 4. Let r(f) be the second derivative of 0 + 3*f - 1/6*f**3 - 1/12*f**4 + v*f**2. Give r(0).
8
Let r(s) = 2*s**2 - 9*s + 6. Suppose 4*i = d - 10, 2*i + 6 = d - 2. Give r(d).
24
Let p = -2 - -4. Let t be (-1)/4 - (-26)/8. Let j(m) = m + 0 + t - 1 - m**3 - 3*m + m**2. Determine j(p).
-6
Let x(j) = j**2 + 3*j - 2. Let t(w) = -w**3 - 4*w**2 - 3*w - 3. Let b be t(-2). Let g(z) = -z**3 - 5*z**2 - 4. Let y be g(b). Determine x(y).
2
Let m(b) be the second derivative of b**5/30 - b**4/12 - 3*b**3/2 + 12*b. Let r(f) be the second derivative of m(f). Calculate r(3).
10
Let g(u) = 4 - 8 + 4*u + 11 + u**2 + 5*u. Give g(-5).
-13
Let r(d) = 4*d**2 - 4*d - 6. Let k(j) = 7*j**2 - 8*j - 11. Let c(y) = -3*k(y) + 5*r(y). Let i be -1 - (-3 + -4 - -3). Suppose 13 = i*g + 1. What is c(g)?
3
Let u be (-3 - -2)*1 + 0. Let r be (1/u)/(2/8). Let s(m) = 3*m + 9. Let l be s(r). Let q(k) = k**3 + 4*k**2 - 3. Give q(l).
6
Let m(h) be the second derivative of 11/2*h**2 + 0 + h - 7/12*h**4 + 3/2*h**3 - 1/20*h**5. Give m(-8).
3
Let j = -3 + 4. Let g = 10 - 14. Let q = j + g. Let x(r) = r + 3. Determine x(q).
0
Let g(u) be the first derivative of -u**2/2 - 25*u - 236. Give g(-7).
-18
Suppose 0 = 2*t - t + 4, -122 = 3*g - t. Let a be ((-231)/(-18))/7 + (-7)/g. Let k(q) = q**2 + 2*q - 3. Calculate k(a).
5
Suppose -2*g = 3*k, -5*k - g = 4*g + 5. Suppose k*j + j + 2*f = -36, 5*j = f - 60. Let c(w) = -w - 10. Give c(j).
2
Let m(p) = -6*p - 5*p - 57*p**3 + 9*p**2 - 8 + 58*p**3. Determine m(-10).
2
Let h(b) = b**2. Let y(l) be the first derivative of -l**4/4 - 4*l**3/3 - 2*l - 46. Let x(u) = -5*h(u) - y(u). Determine x(0).
2
Let o(k) = -k**2 - 5*k - 7. Suppose 9*q = 8*q + 24. Let n = 19 - q. Calculate o(n).
-7
Let t(a) = -19*a. Let d be 2/(-4)*(-3 + -3). Suppose -3*c + 0*c = d. Calculate t(c).
19
Suppose 3*o = -2*k - k + 30, -32 = -2*o + 4*k. Let b = o + -8. Let n(z) = -z**3 + 3*z**2 + 3*z + 5. Give n(b).
1
Let n(i) = 32*i + i**3 + 5*i**2 - 7*i - 7*i - 12*i - i - 6. Determine n(-5).
-31
Let d(k) = -5 - k**2 + 13 - 1 - 4*k. Let u = 7 + -4. Suppose 0 = 2*f - 0*f + u*x + 18, 0 = -4*f + 2*x - 20. Give d(f).
-5
Let j(h) be the first derivative of -h**4/24 + 5*h**2 + 11. Let d(o) be the second derivative of j(o). Calculate d(-2).
2
Suppose 4*z - 370 = -6*z. Let p = z - 43. Let n(g) = -6 + 6 + g. What is n(p)?
-6
Let a(d) = 2*d**2 - 9*d - 8. Let h(l) = -l**2 + 4*l + 4. Let g(i) = 3*a(i) + 5*h(i). Suppose 0 = -25*r - 59*r + 672. What is g(r)?
4
Let f(n) = 3*n**2 + 10*n - 16. Let s(p) = p**2 + 5*p - 7. Let d = -41 + 46. Let q(l) = d*s(l) - 2*f(l). Determine q(4).
1
Let v(r) = -13*r**3 - 5*r**2 + 8*r + 6. Let q(o) = 2*o**3 + o**2 - o. Let y(f) = -6*q(f) - v(f). What is y(3)?
6
Suppose 25 = g + 7. Let s = g - 17. Let b(d) = d**2. What is b(s)?
1
Let m(i) be the first derivative of -1/2*i**2 + 15 + 8*i. Determine m(0).
8
Let h = 1775 + -1770. Let i(g) = g**2 + 2*g + 0*g**2 + 4 - 5*g. What is i(h)?
14
Let n(t) = -t**2 - t - 8. Suppose -4*h = -17*h - 13. Let a be 5/(15/(-6)) + (h - -3). Calculate n(a).
-8
Let p(g) = -g + 5. Suppose 21 = 2*n + 23. Let q be 1 - (1 + -3 + n) - 0. Determine p(q).
1
Let m(n) be the second derivative of -n**5/60 - n**4/6 + 11*n**2/2 + 2*n. Let r(w) be the first derivative of m(w). Calculate r(-3).
3
Let s(u) be the third derivative of u**4/24 + u**3/3 - 26*u**2. Let h(f) = -f**2 + f + 8. Let i(t) = -h(t) + 3*s(t). What is i(-2)?
-2
Let t = -833 + 839. Let x(o) be the first derivative of -8*o - 1 + 5/3*o**3 - 1/4*o**4 + 4*o**2. Calculate x(t).
4
Let o(i) be the first derivative of -i**2/2 - 4*i + 113. Suppose -5*v + 0*c + c = 0, -3*v = -5*c. What is o(v)?
-4
Let i(r) = -9*r + 35*r**2 - 75*r**2 + 39*r**2. Give i(-9).
0
Let n(j) = 17*j**3 + 14*j**2 + 20*j + 1. Let c(k) = -11*k**3 - 9*k**2 - 13*k - 1. Let r(m) = -8*c(m) - 5*n(m). What is r(-2)?
-21
Let j be ((-49)/(-35))/((-1)/5). Let a(x) = 0*x**2 + 1 + 8*x - 2*x**3 + 0 + x**3 - 6*x**2. Give a(j).
-6
Let a(j) = -j**2 + 23*j - 85. Let g be a(19). Let n(r) = -r**2 - r + 1. Let t(y) = y**2 - 7*y - 5. Let c(i) = -2*n(i) - t(i). Give c(g).
3
Let d(v) = v**2 - 7*v + 4. Let f be d(5). Let w(p) be the first derivative of -p**2/2 - 6*p + 237. Calculate w(f).
0
Let h(j) = 9*j**2 + 3*j + 2. Let g be 16/(-12)*30/20. Calculate h(g).
32
Let a(u) be the third derivative of u**4/12 + u**3 - 3*u**2 - 7. Suppose 5*o + 14 = 5*m + 64, -2*o - 4*m + 2 = 0. Let t = o + -11. Calculate a(t).
-2
Let h(u) be the first derivative of 7*u + 4 - 1/2*u**2 - 1/2*u**3. Let f(p) be the first derivative of h(p). Calculate f(-1).
2
Suppose -4*n = -2*w + 3 + 1, 5*w = -4*n + 10. Let z(s) = 1 + w*s**2 - 2 + 0 - 8*s**3. Let y(t) = -20*t - 141. Let i be y(-7). Calculate z(i).
9
Let v(z) = -55 - 3*z + 11*z + 21 - 7*z. Give v(0).
-34
Let j(a) be the second derivative of a**5/20 - a**4/6 - 5*a**3/6 + 2*a**2 - 2*a + 14. Calculate j(3).
-2
Let a be 3070/70 + 13/(-7) + 2. Suppose u = -5*y - 11, 4*u + 16 = 4*y + a. Let j(p) be the first derivative of p**3/3 - 9*p**2/2 + 5*p - 2. Determine j(u).
-15
Suppose 5*h = 18*h - 169. Suppose 3 = 14*r - h*r. Let d(x) be the first derivative of -x**3/3 - 3*x - 2. Calculate d(r).
-12
Let j(x) be the second derivative of x**4/6 - 2*x**3 - 2*x**2 - 5*x. Let p be j(6). Let t(l) be the third derivative of l**4/24 - l**2. Determine t(p).
-4
Let s(t) = -9*t**3 + t**2 + t + 1. Let p(w) = w**2 + 5*w + 5. Suppose -5*o + 1 = 11. Let d be p(o). Give s(d).
10
Suppose -3*w - 15 = -d - d, 0 = -2*d - 3*w - 3. Let z(i) = -8*i**2 + 2*i. Let t(m) = 4*m**2 - m. Let s(j) = d*z(j) + 7*t(j). Determine s(-1).
5
Let s(i) = 2*i - 14 + 6*i - 2*i - 8*i. What is s(-5)?
-4
Let x(k) be the first derivative of k**4/4 - 5*k**3/3 - 3*k**2 + 4*k - 7. Let d be (-3 - (2 - 2)) + 9 + 0. Give x(d).
4
Let w(p) = 0*p + 5*p + 2*p. Let t = -10928 - -10929. Give w(t).
7
Let k(i) = 5*i**3 + 14*i**2 + 2*i + 16. Let b(m) = 14*m**3 + 41*m**2 + 7*m + 46. Let f(a) = -6*b(a) + 17*k(a). Determine f(9).
5
Let i(j) = -4*j**3 + 4*j**2 + j + 3. Let c(k) = 3*k**3 - 3*k**2 - k - 2. Suppose -45 + 10 = -5*l. Let b(y) = l*c(y) + 5*i(y). Calculate b(1).
-1
Let h(s) = -s**2 - s. Let z(u) = -u**3 + 7*u**2 - 4*u - 13. Let l be z(6). Let q be 3/l*(-1)/(-3). Let a(m) = -3*m**3 - 1. Let g be a(q). Give h(g).
-6
Let s(c) = 2*c + 32. Let o = 32 + -47. Let u be s(o). Let f(n) = -n**2 + 2*n - 1. Determine f(u).
-1
Suppose -2*x + 56 = n, 2*x = -6*n + n + 72. Suppose 4*u - m = 62, -x - 14 = -2*u + 5*m. Let w(f) = f - 10. Give w(u).
5
Let q be (-1 - -4) + 7 + -5. Suppose 0*z = -q*z - 20. Let j be z/20 + 14/(-5). Let g(a) = a**3 + 4*